3 (base 7) to base 2.
1100011010
Convert 1220120 (base 4) to base 13.
306b
Convert a1 (base 11) to base 9.
133
Convert -38b0 (base 12) to base 13.
-2c37
221 (base 9) to base 13
10c
Convert 682 (base 9) to base 2.
1000110000
Convert -40002 (base 6) to base 3.
-21010002
What is 47767 (base 8) in base 14?
7663
-101001101010100 (base 2) to base 3
-1002021002
What is -17735 (base 8) in base 14?
-2d89
What is 30a (base 11) in base 16?
175
33467 (base 8) to base 11
a690
What is -1100001101111001 (base 2) in base 3?
-2112122101
-11113 (base 4) to base 14
-1a7
What is 43b4 (base 13) in base 6?
111414
-1553 (base 13) to base 12
-1972
Convert -11003 (base 6) to base 2.
-10111101011
Convert -521430 (base 6) to base 7.
-233004
5741 (base 11) to base 14
2a71
362 (base 10) to base 8
552
What is -1e7 (base 16) in base 10?
-487
What is 2002 (base 12) in base 5?
102313
What is 6506 (base 7) in base 13?
1088
-1880 (base 16) to base 3
-22121022
46 (base 15) to base 2
1000010
What is 120221 (base 3) in base 6?
1554
What is -152540 (base 8) in base 6?
-1100520
What is 34e9 (base 15) in base 2?
10101111101100
What is -2012112 (base 3) in base 8?
-3107
Convert -181 (base 13) to base 16.
-112
-233032 (base 4) to base 9
-4127
5930 (base 10) to base 6
43242
What is -778a (base 15) in base 16?
-62f2
What is -5922 (base 14) in base 16?
-3c9a
12539 (base 13) to base 6
420412
What is 111 (base 13) in base 3?
20210
-23200023 (base 4) to base 2
-1011100000001011
-41223 (base 5) to base 10
-2688
11845 (base 10) to base 5
334340
Convert -230011 (base 5) to base 15.
-2621
3d99 (base 15) to base 16
338a
What is -32003 (base 4) in base 14?
-483
Convert 5100 (base 9) to base 12.
21a6
What is -3455 (base 6) in base 11?
-692
-11124 (base 9) to base 10
-7393
Convert 164456 (base 8) to base 5.
3402234
What is -31331 (base 6) in base 8?
-10207
Convert -11420 (base 5) to base 4.
-31130
3d (base 16) to base 14
45
-11533 (base 10) to base 15
-363d
Convert 210012112 (base 3) to base 4.
3301202
Convert -43b4 (base 14) to base 2.
-10110111001010
Convert -2313122 (base 4) to base 15.
-3728
Convert 110252 (base 6) to base 4.
2033120
Convert 5c11 (base 14) to base 2.
11111011010111
Convert 27271 (base 8) to base 12.
6b09
-201 (base 7) to base 16
-63
-376 (base 9) to base 3
-102120
Convert -2f9 (base 16) to base 15.
-35b
Convert -11036 (base 8) to base 4.
-1020132
Convert -144442 (base 6) to base 14.
-5158
Convert -667 (base 8) to base 9.
-537
2025 (base 6) to base 11
379
Convert -1201001 (base 4) to base 12.
-3715
-2232232 (base 4) to base 16
-2bae
Convert 57a4 (base 16) to base 15.
69ab
What is -2121 (base 7) in base 8?
-1356
Convert 1123 (base 7) to base 15.
1c4
20101211 (base 3) to base 15
15b1
Convert 3215 (base 9) to base 5.
33423
What is -867 (base 9) in base 10?
-709
Convert -27a1 (base 12) to base 16.
-11e9
Convert 43451 (base 8) to base 14.
68d3
-7043 (base 8) to base 9
-4861
101000 (base 2) to base 15
2a
What is -434033 (base 5) in base 16?
-3a2d
Convert -3dc9 (base 14) to base 16.
-2acd
What is -11000111000 (base 2) in base 9?
-2158
What is -51366 (base 7) in base 4?
-3003333
What is -36546 (base 10) in base 3?
-1212010120
Convert -111312 (base 7) to base 13.
-8c7c
-6558 (base 13) to base 12
-81b0
What is -d5c (base 16) in base 9?
-4620
What is 10101010111 (base 2) in base 12?
95b
Convert 522 (base 15) to base 2.
10010000101
What is -1121010 (base 3) in base 13?
-6b7
What is -2cb (base 16) in base 5?
-10330
Convert 819 (base 13) to base 6.
10210
Convert 5262 (base 11) to base 2.
1101100110101
What is -813 (base 12) in base 2?
-10010001111
1112222 (base 4) to base 8
12652
What is -119 (base 11) in base 14?
-a1
Convert 1202b (base 13) to base 16.
80e0
What is -100100101011001 (base 2) in base 14?
-6bb3
Convert -280a1 (base 11) to base 16.
-9c69
-4539 (base 11) to base 6
-43351
What is 10ee (base 16) in base 9?
5845
Convert 357a (base 11) to base 3.
20102112
Convert 3504 (base 7) to base 14.
674
What is -23112 (base 8) in base 14?
-3802
-111110010100 (base 2) to base 9
-5421
a08 (base 16) to base 5
40233
13110230 (base 4) to base 11
2059a
Convert 156 (base 16) to base 5.
2332
What is 115112 (base 7) in base 3?
1001210002
-1001110001 (base 2) to base 8
-1161
Convert 226 (base 9) to base 6.
510
10032332 (base 4) to base 9
25708
Convert -67 (base 12) to base 16.
-4f
What is 1b0ad (base 15) in base 7?
514210
1000100001 (base 2) to base 3
202012
What is -1111001011110111 (base 2) in base 8?
-171367
11110110000 (base 2) to base 10
1968
Convert 2773 (base 8) to base 10.
1531
19 (base 10) to base 13
16
-1160 (base 7) to base 13
-275
-c4c (base 15) to base 13
-1353
What is 31b (base 15) in base 14?
381
Convert 440 (base 9) to base 5.
2420
What is e310 (base 16) in base 12?
29780
What is -385 (base 15) in base 8?
-1440
857 (base 12) to base 7
3361
810 (base 9) to base 4
22101
Convert -110533 (base 8) to base 2.
-1001000101011011
-1f8 (base 16) to base 15
-239
What is 9e (base 15) in base 14?
a9
What is 31232 (base 5) in base 11?
160a
Convert 4815 (base 11) to base 9.
8578
201202020 (base 3) to base 7
56655
-170 (base 16) to base 12
-268
What is -232100 (base 5) in base 10?
-8400
10000000 (base 3) to base 7
6243
Convert 1344 (base 5) to base 6.
1012
What is 5003 (base 6) in base 4?
100323
What is -45767 (base 9) in base 16?
-7735
What is 2235 (base 7) in base 3?
1010000
What is -1a1 (base 13) in base 6?
-1220
What is -10100100110 (base 2) in base 9?
-1724
What is 1210010 (base 4) in base 7?
24446
Convert -10000111110 (base 2) to base 9.
-1436
5d2 (base 14) to base 8
2214
What is 23801 (base 12) in base 8?
135301
Convert -2048 (base 9) to base 4.
-113132
2433 (base 7) to base 16
38a
What is -362 (base 11) in base 3?
-120222
What is -1001001011001 (base 2) in base 8?
-11131
What is -62 (base 16) in base 3?
-10122
33322 (base 6) to base 2
1001000110010
Convert -20174 (base 8) to base 5.
-231231
Convert -223301 (base 6) to base 9.
-27831
What is 1164 (base 7) in base 9?
536
Convert -74 (base 16) to base 10.
-116
Convert -255 (base 9) to base 15.
-e2
121001220 (base 3) to base 14
43ab
1d0d (base 16) to base 11
5651
Convert -2310 (base 6) to base 5.
-4141
19da (base 16) to base 6
50350
22002012 (base 3) to base 9
8065
-321002 (base 6) to base 14
-9750
-4ca7 (base 15) to base 2
-11111111100101
Convert 2676 (base 9) to base 12.
11b9
What is -241214 (base 5) in base 15?
-29a9
Convert -19389 (base 10) to base 8.
-45675
Convert 100100110000 (base 2) to base 3.
10020010
-89 (base 13) to base 5
-423
What is -5a2e (base 16) in base 8?
-55056
Convert -10243 (base 6) to base 5.
-21040
-12934 (base 10) to base 7
-52465
What is -1a8 (base 16) in base 14?
-224
51d (base 14) to base 2
1111101111
-11275 (base 10) to base 8
-26013
8cb0 (base 14) to base 7
131210
-24005 (base 6) to base 15
-105b
What is 2b01 (base 12) in base 2?
1001110110001
-27 (base 15) to base 3
-1101
46b7 (base 15) to base 9
22541
1433 (base 8) to base 16
31b
What is -231 (base 6) in base 8?
-133
-5103 (base 6) to base 5
-13434
42660 (base 7) to base 2
10100110000010
What is 215 (base 9) in base 8?
260
What is -2dd4 (base 15) in base 9?
-14481
Convert -1662 (base 12) to base 14.
-d86
Convert 114243 (base 5) to base 3.
12221010
-1938 (base 10) to base 15
-893
1207 (base 11) to base 4
120230
Convert -3121212 (base 4) to base 2.
-11011001100110
What is 1746 (base 13) in base 16?
d6e
What is -5899 (base 15) in base 2?
-100100110000011
Convert -13189 (base 10) to base 3.
-200002111
1403 (base 6) to base 11
300
What is -2a00 (base 11) in base 16?
-f20
Convert -1016 (base 12) to base 10.
-1746
-93ed (base 15) to base 14
-b57b
Convert -111001 (base 2) to base 7.
-111
Convert -7814 (base 10) to base 12.
-4632
3a5 (base 11) to base 4
13132
What is -1201002 (base 3) in base 7?
-3425
Convert -101110010100001 (base 2) to base 3.
-1012112021
What is 19dd (base 15) in base 10?
5608
Convert -1162 (base 10) to base 9.
-1531
Convert 20181 (base 9) to base 13.
6073
1180 (base 9) to base 15
3dc
582 (base 13) to base 11
795
What is 1a720 (base 12) in base 3?
1222120020
What is 47bd (base 16) in base 2?
100011110111101
What is 3897 (base 16) in base 12?
8473
Convert -10110100111001 (base 2) to base 10.
-11577
-1115 (base 9) to base 7
-2255
What is -641 (base 13) in 